{"id":1120,"date":"2025-05-07T06:47:21","date_gmt":"2025-05-07T04:47:21","guid":{"rendered":"https:\/\/tribulossi.cat\/activitat\/presentacion-mural-artistico\/"},"modified":"2025-05-07T07:27:09","modified_gmt":"2025-05-07T05:27:09","slug":"presentacion-mural-artistico","status":"publish","type":"tribe_events","link":"https:\/\/tribulossi.cat\/es\/activitat\/presentacion-mural-artistico\/","title":{"rendered":"Presentaci\u00f3n mural art\u00edstico"},"content":{"rendered":"<p>Presentaci\u00f3n del mural art\u00edstico creado por Pinto Coses a partir del poema <em>Un valle, un espacio<\/em> de Josep Pedrals (te paso foto). A las 12h, en las Viviendas Sant Bonifaci (Calle Arag\u00f3). Entrada gratuita.<\/p>\n<p>&nbsp;<\/p>\n","protected":false},"excerpt":{"rendered":"<p>Presentaci\u00f3n del mural art\u00edstico creado por Pinto Coses a partir del poema Un valle, un espacio de Josep Pedrals (te paso foto). A las 12h, en las Viviendas Sant Bonifaci [&hellip;]<\/p>\n","protected":false},"author":1,"featured_media":1126,"comment_status":"open","ping_status":"closed","template":"","meta":{"_acf_changed":false,"_tribe_events_status":"","_tribe_events_status_reason":"","footnotes":""},"tags":[],"tribe_events_cat":[27],"class_list":["post-1120","tribe_events","type-tribe_events","status-publish","has-post-thumbnail","hentry","tribe_events_cat-edicion-2025","cat_edicion-2025"],"acf":[],"yoast_head":"<!-- This site is optimized with the Yoast SEO plugin v24.5 - https:\/\/yoast.com\/wordpress\/plugins\/seo\/ -->\n<title>Presentaci\u00f3n mural art\u00edstico - Festival Tribulossi<\/title>\n<meta name=\"description\" content=\"Presentaci\u00f3n del mural art\u00edstico creado por Pinto Coses a partir del poema Un valle, un espacio de Josep Pedrals (te paso foto). A las 12h, en las\" \/>\n<meta name=\"robots\" content=\"index, follow, max-snippet:-1, max-image-preview:large, max-video-preview:-1\" \/>\n<link rel=\"canonical\" href=\"https:\/\/tribulossi.cat\/es\/activitat\/presentacion-mural-artistico\/\" \/>\n<meta property=\"og:locale\" content=\"es_ES\" \/>\n<meta property=\"og:type\" content=\"article\" \/>\n<meta property=\"og:title\" content=\"Presentaci\u00f3n mural art\u00edstico - Festival Tribulossi\" \/>\n<meta property=\"og:description\" content=\"Presentaci\u00f3n del mural art\u00edstico creado por Pinto Coses a partir del poema Un valle, un espacio de Josep Pedrals (te paso foto). A las 12h, en las\" \/>\n<meta property=\"og:url\" content=\"https:\/\/tribulossi.cat\/es\/activitat\/presentacion-mural-artistico\/\" \/>\n<meta property=\"og:site_name\" content=\"Festival Tribulossi\" \/>\n<meta property=\"article:modified_time\" content=\"2025-05-07T05:27:09+00:00\" \/>\n<meta property=\"og:image\" content=\"https:\/\/tribulossi.cat\/wp-content\/uploads\/2025\/05\/IMG-20250424-WA0001.jpg\" \/>\n\t<meta property=\"og:image:width\" content=\"1078\" \/>\n\t<meta property=\"og:image:height\" content=\"1006\" \/>\n\t<meta property=\"og:image:type\" content=\"image\/jpeg\" \/>\n<meta name=\"twitter:card\" content=\"summary_large_image\" \/>\n<script type=\"application\/ld+json\" class=\"yoast-schema-graph\">{\"@context\":\"https:\/\/schema.org\",\"@graph\":[{\"@type\":\"WebPage\",\"@id\":\"https:\/\/tribulossi.cat\/es\/activitat\/presentacion-mural-artistico\/\",\"url\":\"https:\/\/tribulossi.cat\/es\/activitat\/presentacion-mural-artistico\/\",\"name\":\"Presentaci\u00f3n mural art\u00edstico - Festival Tribulossi\",\"isPartOf\":{\"@id\":\"https:\/\/tribulossi.cat\/es\/#website\"},\"primaryImageOfPage\":{\"@id\":\"https:\/\/tribulossi.cat\/es\/activitat\/presentacion-mural-artistico\/#primaryimage\"},\"image\":{\"@id\":\"https:\/\/tribulossi.cat\/es\/activitat\/presentacion-mural-artistico\/#primaryimage\"},\"thumbnailUrl\":\"https:\/\/tribulossi.cat\/wp-content\/uploads\/2025\/05\/IMG-20250424-WA0001.jpg\",\"datePublished\":\"2025-05-07T04:47:21+00:00\",\"dateModified\":\"2025-05-07T05:27:09+00:00\",\"description\":\"Presentaci\u00f3n del mural art\u00edstico creado por Pinto Coses a partir del poema Un valle, un espacio de Josep Pedrals (te paso foto). A las 12h, en las\",\"breadcrumb\":{\"@id\":\"https:\/\/tribulossi.cat\/es\/activitat\/presentacion-mural-artistico\/#breadcrumb\"},\"inLanguage\":\"es\",\"potentialAction\":[{\"@type\":\"ReadAction\",\"target\":[\"https:\/\/tribulossi.cat\/es\/activitat\/presentacion-mural-artistico\/\"]}]},{\"@type\":\"ImageObject\",\"inLanguage\":\"es\",\"@id\":\"https:\/\/tribulossi.cat\/es\/activitat\/presentacion-mural-artistico\/#primaryimage\",\"url\":\"https:\/\/tribulossi.cat\/wp-content\/uploads\/2025\/05\/IMG-20250424-WA0001.jpg\",\"contentUrl\":\"https:\/\/tribulossi.cat\/wp-content\/uploads\/2025\/05\/IMG-20250424-WA0001.jpg\",\"width\":1078,\"height\":1006},{\"@type\":\"BreadcrumbList\",\"@id\":\"https:\/\/tribulossi.cat\/es\/activitat\/presentacion-mural-artistico\/#breadcrumb\",\"itemListElement\":[{\"@type\":\"ListItem\",\"position\":1,\"name\":\"Inici\",\"item\":\"https:\/\/tribulossi.cat\/es\/presentacion\/\"},{\"@type\":\"ListItem\",\"position\":2,\"name\":\"Eventos\",\"item\":\"https:\/\/tribulossi.cat\/es\/programacio\/\"},{\"@type\":\"ListItem\",\"position\":3,\"name\":\"Presentaci\u00f3n mural art\u00edstico\"}]},{\"@type\":\"WebSite\",\"@id\":\"https:\/\/tribulossi.cat\/es\/#website\",\"url\":\"https:\/\/tribulossi.cat\/es\/\",\"name\":\"Festival Tribulossi\",\"description\":\"Festival po\u00e8tic de les arts\",\"publisher\":{\"@id\":\"https:\/\/tribulossi.cat\/es\/#organization\"},\"potentialAction\":[{\"@type\":\"SearchAction\",\"target\":{\"@type\":\"EntryPoint\",\"urlTemplate\":\"https:\/\/tribulossi.cat\/es\/?s={search_term_string}\"},\"query-input\":{\"@type\":\"PropertyValueSpecification\",\"valueRequired\":true,\"valueName\":\"search_term_string\"}}],\"inLanguage\":\"es\"},{\"@type\":\"Organization\",\"@id\":\"https:\/\/tribulossi.cat\/es\/#organization\",\"name\":\"Festival Tribulossi\",\"url\":\"https:\/\/tribulossi.cat\/es\/\",\"logo\":{\"@type\":\"ImageObject\",\"inLanguage\":\"es\",\"@id\":\"https:\/\/tribulossi.cat\/es\/#\/schema\/logo\/image\/\",\"url\":\"https:\/\/tribulossi.cat\/wp-content\/uploads\/2023\/11\/logo-tribulossi.svg\",\"contentUrl\":\"https:\/\/tribulossi.cat\/wp-content\/uploads\/2023\/11\/logo-tribulossi.svg\",\"caption\":\"Festival Tribulossi\"},\"image\":{\"@id\":\"https:\/\/tribulossi.cat\/es\/#\/schema\/logo\/image\/\"}}]}<\/script>\n<!-- \/ Yoast SEO plugin. -->","yoast_head_json":{"title":"Presentaci\u00f3n mural art\u00edstico - Festival Tribulossi","description":"Presentaci\u00f3n del mural art\u00edstico creado por Pinto Coses a partir del poema Un valle, un espacio de Josep Pedrals (te paso foto). A las 12h, en las","robots":{"index":"index","follow":"follow","max-snippet":"max-snippet:-1","max-image-preview":"max-image-preview:large","max-video-preview":"max-video-preview:-1"},"canonical":"https:\/\/tribulossi.cat\/es\/activitat\/presentacion-mural-artistico\/","og_locale":"es_ES","og_type":"article","og_title":"Presentaci\u00f3n mural art\u00edstico - Festival Tribulossi","og_description":"Presentaci\u00f3n del mural art\u00edstico creado por Pinto Coses a partir del poema Un valle, un espacio de Josep Pedrals (te paso foto). A las 12h, en las","og_url":"https:\/\/tribulossi.cat\/es\/activitat\/presentacion-mural-artistico\/","og_site_name":"Festival Tribulossi","article_modified_time":"2025-05-07T05:27:09+00:00","og_image":[{"width":1078,"height":1006,"url":"https:\/\/tribulossi.cat\/wp-content\/uploads\/2025\/05\/IMG-20250424-WA0001.jpg","type":"image\/jpeg"}],"twitter_card":"summary_large_image","schema":{"@context":"https:\/\/schema.org","@graph":[{"@type":"WebPage","@id":"https:\/\/tribulossi.cat\/es\/activitat\/presentacion-mural-artistico\/","url":"https:\/\/tribulossi.cat\/es\/activitat\/presentacion-mural-artistico\/","name":"Presentaci\u00f3n mural art\u00edstico - Festival Tribulossi","isPartOf":{"@id":"https:\/\/tribulossi.cat\/es\/#website"},"primaryImageOfPage":{"@id":"https:\/\/tribulossi.cat\/es\/activitat\/presentacion-mural-artistico\/#primaryimage"},"image":{"@id":"https:\/\/tribulossi.cat\/es\/activitat\/presentacion-mural-artistico\/#primaryimage"},"thumbnailUrl":"https:\/\/tribulossi.cat\/wp-content\/uploads\/2025\/05\/IMG-20250424-WA0001.jpg","datePublished":"2025-05-07T04:47:21+00:00","dateModified":"2025-05-07T05:27:09+00:00","description":"Presentaci\u00f3n del mural art\u00edstico creado por Pinto Coses a partir del poema Un valle, un espacio de Josep Pedrals (te paso foto). A las 12h, en las","breadcrumb":{"@id":"https:\/\/tribulossi.cat\/es\/activitat\/presentacion-mural-artistico\/#breadcrumb"},"inLanguage":"es","potentialAction":[{"@type":"ReadAction","target":["https:\/\/tribulossi.cat\/es\/activitat\/presentacion-mural-artistico\/"]}]},{"@type":"ImageObject","inLanguage":"es","@id":"https:\/\/tribulossi.cat\/es\/activitat\/presentacion-mural-artistico\/#primaryimage","url":"https:\/\/tribulossi.cat\/wp-content\/uploads\/2025\/05\/IMG-20250424-WA0001.jpg","contentUrl":"https:\/\/tribulossi.cat\/wp-content\/uploads\/2025\/05\/IMG-20250424-WA0001.jpg","width":1078,"height":1006},{"@type":"BreadcrumbList","@id":"https:\/\/tribulossi.cat\/es\/activitat\/presentacion-mural-artistico\/#breadcrumb","itemListElement":[{"@type":"ListItem","position":1,"name":"Inici","item":"https:\/\/tribulossi.cat\/es\/presentacion\/"},{"@type":"ListItem","position":2,"name":"Eventos","item":"https:\/\/tribulossi.cat\/es\/programacio\/"},{"@type":"ListItem","position":3,"name":"Presentaci\u00f3n mural art\u00edstico"}]},{"@type":"WebSite","@id":"https:\/\/tribulossi.cat\/es\/#website","url":"https:\/\/tribulossi.cat\/es\/","name":"Festival Tribulossi","description":"Festival po\u00e8tic de les arts","publisher":{"@id":"https:\/\/tribulossi.cat\/es\/#organization"},"potentialAction":[{"@type":"SearchAction","target":{"@type":"EntryPoint","urlTemplate":"https:\/\/tribulossi.cat\/es\/?s={search_term_string}"},"query-input":{"@type":"PropertyValueSpecification","valueRequired":true,"valueName":"search_term_string"}}],"inLanguage":"es"},{"@type":"Organization","@id":"https:\/\/tribulossi.cat\/es\/#organization","name":"Festival Tribulossi","url":"https:\/\/tribulossi.cat\/es\/","logo":{"@type":"ImageObject","inLanguage":"es","@id":"https:\/\/tribulossi.cat\/es\/#\/schema\/logo\/image\/","url":"https:\/\/tribulossi.cat\/wp-content\/uploads\/2023\/11\/logo-tribulossi.svg","contentUrl":"https:\/\/tribulossi.cat\/wp-content\/uploads\/2023\/11\/logo-tribulossi.svg","caption":"Festival Tribulossi"},"image":{"@id":"https:\/\/tribulossi.cat\/es\/#\/schema\/logo\/image\/"}}]}},"_links":{"self":[{"href":"https:\/\/tribulossi.cat\/es\/wp-json\/wp\/v2\/tribe_events\/1120","targetHints":{"allow":["GET"]}}],"collection":[{"href":"https:\/\/tribulossi.cat\/es\/wp-json\/wp\/v2\/tribe_events"}],"about":[{"href":"https:\/\/tribulossi.cat\/es\/wp-json\/wp\/v2\/types\/tribe_events"}],"author":[{"embeddable":true,"href":"https:\/\/tribulossi.cat\/es\/wp-json\/wp\/v2\/users\/1"}],"replies":[{"embeddable":true,"href":"https:\/\/tribulossi.cat\/es\/wp-json\/wp\/v2\/comments?post=1120"}],"version-history":[{"count":1,"href":"https:\/\/tribulossi.cat\/es\/wp-json\/wp\/v2\/tribe_events\/1120\/revisions"}],"predecessor-version":[{"id":1130,"href":"https:\/\/tribulossi.cat\/es\/wp-json\/wp\/v2\/tribe_events\/1120\/revisions\/1130"}],"wp:featuredmedia":[{"embeddable":true,"href":"https:\/\/tribulossi.cat\/es\/wp-json\/wp\/v2\/media\/1126"}],"wp:attachment":[{"href":"https:\/\/tribulossi.cat\/es\/wp-json\/wp\/v2\/media?parent=1120"}],"wp:term":[{"taxonomy":"post_tag","embeddable":true,"href":"https:\/\/tribulossi.cat\/es\/wp-json\/wp\/v2\/tags?post=1120"},{"taxonomy":"tribe_events_cat","embeddable":true,"href":"https:\/\/tribulossi.cat\/es\/wp-json\/wp\/v2\/tribe_events_cat?post=1120"}],"curies":[{"name":"wp","href":"https:\/\/api.w.org\/{rel}","templated":true}]}}

Presentación mural artístico

<p>Presentación del mural artístico creado por Pinto Coses a partir del poema <em>Un valle, un espacio</em> de Josep Pedrals (te paso foto). A las 12h, en las Viviendas Sant Bonifaci (Calle Aragó). Entrada gratuita.</p>
<p>&nbsp;</p>

<p>Presentación del mural artístico creado por Pinto Coses a partir del poema Un valle, un espacio de Josep Pedrals (te paso foto). A las 12h, en las Viviendas Sant Bonifaci [&hellip;]</p>

<!-- This site is optimized with the Yoast SEO plugin v24.5 - https://yoast.com/wordpress/plugins/seo/ -->
<title>Presentación mural artístico - Festival Tribulossi</title>
<meta name="description" content="Presentación del mural artístico creado por Pinto Coses a partir del poema Un valle, un espacio de Josep Pedrals (te paso foto). A las 12h, en las" />
<meta name="robots" content="index, follow, max-snippet:-1, max-image-preview:large, max-video-preview:-1" />
<link rel="canonical" href="https://tribulossi.cat/es/activitat/presentacion-mural-artistico/" />
<meta property="og:locale" content="es_ES" />
<meta property="og:type" content="article" />
<meta property="og:title" content="Presentación mural artístico - Festival Tribulossi" />
<meta property="og:description" content="Presentación del mural artístico creado por Pinto Coses a partir del poema Un valle, un espacio de Josep Pedrals (te paso foto). A las 12h, en las" />
<meta property="og:url" content="https://tribulossi.cat/es/activitat/presentacion-mural-artistico/" />
<meta property="og:site_name" content="Festival Tribulossi" />
<meta property="article:modified_time" content="2025-05-07T05:27:09+00:00" />
<meta property="og:image" content="https://tribulossi.cat/wp-content/uploads/2025/05/IMG-20250424-WA0001.jpg" />
	<meta property="og:image:width" content="1078" />
	<meta property="og:image:height" content="1006" />
	<meta property="og:image:type" content="image/jpeg" />
<meta name="twitter:card" content="summary_large_image" />
<script type="application/ld+json" class="yoast-schema-graph">{"@context":"https://schema.org","@graph":[{"@type":"WebPage","@id":"https://tribulossi.cat/es/activitat/presentacion-mural-artistico/","url":"https://tribulossi.cat/es/activitat/presentacion-mural-artistico/","name":"Presentación mural artístico - Festival Tribulossi","isPartOf":{"@id":"https://tribulossi.cat/es/#website"},"primaryImageOfPage":{"@id":"https://tribulossi.cat/es/activitat/presentacion-mural-artistico/#primaryimage"},"image":{"@id":"https://tribulossi.cat/es/activitat/presentacion-mural-artistico/#primaryimage"},"thumbnailUrl":"https://tribulossi.cat/wp-content/uploads/2025/05/IMG-20250424-WA0001.jpg","datePublished":"2025-05-07T04:47:21+00:00","dateModified":"2025-05-07T05:27:09+00:00","description":"Presentación del mural artístico creado por Pinto Coses a partir del poema Un valle, un espacio de Josep Pedrals (te paso foto). A las 12h, en las","breadcrumb":{"@id":"https://tribulossi.cat/es/activitat/presentacion-mural-artistico/#breadcrumb"},"inLanguage":"es","potentialAction":[{"@type":"ReadAction","target":["https://tribulossi.cat/es/activitat/presentacion-mural-artistico/"]}]},{"@type":"ImageObject","inLanguage":"es","@id":"https://tribulossi.cat/es/activitat/presentacion-mural-artistico/#primaryimage","url":"https://tribulossi.cat/wp-content/uploads/2025/05/IMG-20250424-WA0001.jpg","contentUrl":"https://tribulossi.cat/wp-content/uploads/2025/05/IMG-20250424-WA0001.jpg","width":1078,"height":1006},{"@type":"BreadcrumbList","@id":"https://tribulossi.cat/es/activitat/presentacion-mural-artistico/#breadcrumb","itemListElement":[{"@type":"ListItem","position":1,"name":"Inici","item":"https://tribulossi.cat/es/presentacion/"},{"@type":"ListItem","position":2,"name":"Eventos","item":"https://tribulossi.cat/es/programacio/"},{"@type":"ListItem","position":3,"name":"Presentación mural artístico"}]},{"@type":"WebSite","@id":"https://tribulossi.cat/es/#website","url":"https://tribulossi.cat/es/","name":"Festival Tribulossi","description":"Festival poètic de les arts","publisher":{"@id":"https://tribulossi.cat/es/#organization"},"potentialAction":[{"@type":"SearchAction","target":{"@type":"EntryPoint","urlTemplate":"https://tribulossi.cat/es/?s={search_term_string}"},"query-input":{"@type":"PropertyValueSpecification","valueRequired":true,"valueName":"search_term_string"}}],"inLanguage":"es"},{"@type":"Organization","@id":"https://tribulossi.cat/es/#organization","name":"Festival Tribulossi","url":"https://tribulossi.cat/es/","logo":{"@type":"ImageObject","inLanguage":"es","@id":"https://tribulossi.cat/es/#/schema/logo/image/","url":"https://tribulossi.cat/wp-content/uploads/2023/11/logo-tribulossi.svg","contentUrl":"https://tribulossi.cat/wp-content/uploads/2023/11/logo-tribulossi.svg","caption":"Festival Tribulossi"},"image":{"@id":"https://tribulossi.cat/es/#/schema/logo/image/"}}]}</script>
<!-- / Yoast SEO plugin. -->

Presentación mural artístico - Festival Tribulossi

Presentación del mural artístico creado por Pinto Coses a partir del poema Un valle, un espacio de Josep Pedrals (te paso foto). A las 12h, en las

Festival poètic de les arts
